 0 = j + 3, -4*n - j = -8*n + f. List the prime factors of n.
2, 11, 13
Let x(o) = 313*o - 5. Let d be x(1). Suppose 0 = 305*w - d*w + 123. What are the prime factors of w?
41
What are the prime factors of 8865 - 2 - (170 + -172)?
3, 5, 197
Let q(j) = 64 + 3*j + 2*j + j + 4*j. What are the prime factors of q(24)?
2, 19
Let k = -92 + 370. List the prime factors of k/1 - (-2 + 5).
5, 11
Suppose 0 = -63*j + 9*j + 781218. List the prime factors of j.
17, 23, 37
Let b = 10446 - -8861. What are the prime factors of b?
43, 449
Let u be (((-15)/(-6))/5)/(6/156). Suppose -u*l + 4788 = l. List the prime factors of l.
2, 3, 19
List the prime factors of -4*(2/4 - (-63771)/(-12)).
3, 5, 13, 109
Suppose -68*m + 1807762 = 263414. What are the prime factors of m?
13, 1747
Let g be 2*3/(-12) + 20340/(-24). List the prime factors of (g/10)/(-1) + 36/(-45).
2, 3, 7
Suppose 3*c = 7*c + 23*c. Suppose c = 7*w - 6103 + 195. List the prime factors of w.
2, 211
Let r(y) = 18754*y - 438. What are the prime factors of r(3)?
2, 3, 1163
Suppose 0 = -421*n + 7382839 + 2833989. What are the prime factors of n?
2, 6067
What are the prime factors of (5/(25/(-440885)))/(-12 - -3 - -8)?
88177
Suppose -4*t - 2*b = -61240, 0 = 4*t - 14*b + 11*b - 61200. What are the prime factors of t?
2, 3, 2551
Let m(j) = 3*j**3 + 4*j**2 + 2*j + 1. Let h be m(-3). What are the prime factors of (-82*10/h)/(4/10)?
41
Let x(q) = -36*q**3 + 2*q**2 + 48*q + 61. List the prime factors of x(-6).
7621
Suppose 4*r + 1566 = 414. Let c = 815 + r. List the prime factors of c.
17, 31
Suppose -2*n - 2*n - 133 = 5*w, -w = -3. Let a = -27 - n. Let j(b) = 2*b**2 - 12*b - 14. List the prime factors of j(a).
2, 3, 11
Suppose 0*c = -4*c - 2*w - 810, -395 = 2*c - w. Let r = c - -404. Suppose 0 = -5*m - 4*y + r, -4*m - y = 4*y - 165. List the prime factors of m.
2, 5
Let x = 12954 - 3665. What are the prime factors of x?
7, 1327
Suppose -2*k = 5*n - 2, -8*n - 3*k = -6*n - 3. Suppose n = 11*p - 4574 - 1366. What are the prime factors of p?
2, 3, 5
Let x(o) = -3*o**2 + 95*o + 29. Let w be x(29). Let u = 57 + w. List the prime factors of u.
2, 3, 53
Let v = 478 - 478. Suppose -2*m + 2*b = -3*b - 4034, 4*m + b - 8090 = v. List the prime factors of m.
2, 3, 337
Let s(l) be the first derivative of 2*l**5/3 + 3*l**4/8 + 32*l**3/3 - 14. Let p(k) be the third derivative of s(k). What are the prime factors of p(2)?
13
Let v = -84 - -87. Suppose 4*q + 1112 = v*z, 4*q = 2*z + 2*z - 1476. List the prime factors of z.
2, 7, 13
Let j be (4 - (-320)/(-15))/(10/(-45)). List the prime factors of (j/15)/((-1)/(-55)).
2, 11, 13
Let m(o) = 87*o - 80*o + 44 + 13*o**2 + 7*o**2. List the prime factors of m(6).
2, 13, 31
Let q be (120/(-28) + 4)*-42. What are the prime factors of q/(-10)*(14 + -49)?
2, 3, 7
Let d be ((-4)/10)/(7/(-70)). Suppose d*i - 1415 = 3*o, -4*i = 2*o - o - 1427. What are the prime factors of i?
2, 89
Let k(c) = 14*c**3 + 3*c**2 + c + 2. Let d be k(-2). Let z be ((10/6)/((-480)/(-192)))/(4/(-6)). List the prime factors of ((-6)/z)/((-6)/d).
2, 5
Let d = -1098 - -260. What are the prime factors of d/(-12)*(-19 - -25)?
419
Let b = -58 - -53. Let x(k) = -k. Let u be x(b). Suppose 0 = u*o - 306 - 114. What are the prime factors of o?
2, 3, 7
Suppose 0 = 2*u - 4*u + 2954. Suppose 0 = -j + u - 106. What are the prime factors of j?
3, 457
Let j(h) = 4*h**2 - 53*h + 82. What are the prime factors of j(-11)?
3, 383
Let i(r) = -r**3 + 68*r**2 - 138*r + 69. List the prime factors of i(48).
3, 5, 17, 31
Let t(b) = -25*b + 2. Suppose 5*x = -61 + 1. Let r be 1*3*x/36. What are the prime factors of t(r)?
3
Let h = -5589 + 9816. List the prime factors of h.
3, 1409
Suppose 4*j + l - 5037 = 0, -5*j - 5*l + 5753 = -547. Let o be -1 + j/4 + 90/(-120). Suppose 472 = 3*z - a, -9*z + 7*z + o = a. List the prime factors of z.
157
Let q(c) = 1708*c**3 - c**2 + 7*c - 6. Let z be q(1). Suppose -3*g = -7*g - 2*b + z, -3*g = -b - 1281. What are the prime factors of g?
7, 61
Let j(v) = 14*v + 44. Let i(w) = 65 - 13 + 7*w - 30. Let q(g) = 5*i(g) - 2*j(g). List the prime factors of q(13).
113
Let z = -634 + 949. What are the prime factors of z?
3, 5, 7
Suppose 0 = 3*x - 2*b - 47839, 0 = x + 88*b - 93*b - 15968. What are the prime factors of x?
107, 149
Let j(k) = 4*k**2 - 55*k - 364. What are the prime factors of j(-61)?
5, 11, 13
Suppose 3*v = c - 19 - 10, 0 = -5*v + 2*c - 49. Let p = -5 - v. What are the prime factors of (-1512)/(-40) - (-3)/(-15)*p?
37
Let a = 1259 - -3986. List the prime factors of a.
5, 1049
Suppose -5*w + 472 + 3008 = 0. Let b be w/(1 - 4) - -1. List the prime factors of b/(-3) + 1 + 2.
2, 5
Let j(u) = 4*u + 2*u - 4*u - 11*u + 11 + 3*u. Let c(s) = -7*s. Let v be c(2). List the prime factors of j(v).
5, 19
Suppose 4*z - r = 15271, -4*r + 11477 = 3*z - 0*r. What are the prime factors of z?
3, 19, 67
Let d(y) = y**3 + 33*y**2 + 37*y + 9. Let s be d(-29). Suppose s = 5*a - 5*b, -2*b - 3*b + 1412 = 3*a. List the prime factors of a.
2, 29
Let z = -1854 + 2755. Let v = z - 351. List the prime factors of v.
2, 5, 11
Let x(w) = -w**3 - 12*w**2 + 4. Suppose 0 = 3*q - 0*q + 5*g + 256, -318 = 4*q + 2*g. Let i be (-4)/22 - (-987)/q. What are the prime factors of x(i)?
173
Let r(z) = z**3 - 4*z**2 + z - 2. Let c be r(4). List the prime factors of 267/2*(c + 4).
3, 89
Let f = -75 - -81. Suppose -x = -f*x + 1640. What are the prime factors of x?
2, 41
Let l = -314 + 346. Let t(c) = -c**2 + 42*c - 85. What are the prime factors of t(l)?
5, 47
Suppose -10*r + 31 = -59. Let h(t) = t + 16. What are the prime factors of h(r)?
5
Let m(b) = -3*b**2 - 18*b + 15. Let i be m(-7). List the prime factors of 434*i/(-12) - -6.
223
Let h(z) be the first derivative of -7*z**4/4 + 2*z**3 + 3*z**2/2 - 13*z - 226. List the prime factors of h(-3).
13, 17
Suppose 67*j + 111111 + 1516123 = 114*j. List the prime factors of j.
2, 7, 2473
Let n be (-4)/(-3 + 1)*1340/8. Suppose -3*d = g + d + 89, 4*g - 5*d = -n. Let p = g - -198. List the prime factors of p.
113
Suppose 2*g = -15 + 3. What are the prime factors of 240 - g/15*-10 - -3?
239
What are the prime factors of 83 + 21735 + (0 - 21)?
71, 307
Suppose 0 = 5*b - 3*p - 13, -3 = 3*b + 5*p - 4. Suppose -x = -4*x - 15, 2*j + 2 = b*x. List the prime factors of (-4 - j)/(2/183).
3, 61
Let s(b) = 20*b + 71. Let f(u) = -7*u - 24. Let k(c) = 8*f(c) + 3*s(c). Let t be k(-6). List the prime factors of (-5)/t*(-94)/5*-6.
2, 47
Suppose -4*g = 4, -667 = -5*d + g + 814. Suppose 0 = 290*n - d*n + 3786. List the prime factors of n.
631
Suppose -10*l - 12 + 32 = 0. Let a be l*(-2)/(-8)*(-3 - -3). Suppose 5*k + 10 = -5, 5*u - 4*k - 492 = a. What are the prime factors of u?
2, 3
Let s(y) = 257*y**2 - 137*y - 1197. List the prime factors of s(-9).
3, 7, 331
Let w(x) = -7668*x + 785. What are the prime factors of w(-3)?
23789
Let s = -675 + 678. Suppose -7*l + 11*l = -s*j + 3462, -5*j + 5770 = -l. What are the prime factors of j?
2, 577
Let w be 0 + (-3 + 0 - -5). Suppose 0 = -w*j - y + 551, 5*y - 1378 = -5*j + 2*y. What are the prime factors of j?
5, 11
Suppose a + 0 - 3 = 2*z, -2*a = z - 11. Let x be (-229)/(-5) - (-1)/a. Let r = x - -6. List the prime factors of r.
2, 13
Let g(r) = 109*r**2 + 159*r - 1356. List the prime factors of g(8).
2, 1723
Suppose 36*n - 736890 = 1526466. What are the prime factors of n?
3, 19, 1103
Suppose 0 = 6*f - 17*f + 11. Suppose 11 + f = -u + 3*v, -u + 2*v - 8 = 0. Suppose 5*t + 0*t - 730 = u. What are the prime factors of t?
2, 73
Let j(d) = -68*d**2 + 2*d + 6. Let u be j(-3). Let b be 20/6*u/(-20). Suppose 0 = 2*z + 3*o - 90, 35 = 3*z + 4*o - b. What are the prime factors of z?
3, 17
Let d(n) be the second derivative of -43*n**3/6 - 137*n**2/2 - n + 77. What are the prime factors of d(-18)?
7, 13
Suppose -7*o - s = -250419, -4*o + 2*s = -163329 + 20217. What are the prime factors of o?
3, 5, 53
Suppose -8*n = 6*n + 5*n - 280630. List the prime factors of n.
2, 5, 7, 211
Let f(m) = -213*m + 4. Let d be f(3). Let g = -411 - d. What are the prime factors of g?
2, 7
Let n(p) = -p**2 + p + 14. Let g be n(-6). Let l = 54 + -30. Let o = l - g. What are the prime factors of o?
2, 13
Let b = -98 + 98. Let d be (-374)/(-6)*3 - b. Let g = d - 85. List the prime factors of g.
2, 3, 17
Let m(j) = -69*j + 18. 